{"id":59,"date":"2019-10-20T16:47:58","date_gmt":"2019-10-20T16:47:58","guid":{"rendered":"http:\/\/maibaumfreunde-utting.de\/?page_id=59"},"modified":"2022-12-15T09:07:06","modified_gmt":"2022-12-15T09:07:06","slug":"impressum","status":"publish","type":"page","link":"https:\/\/www.maibaumfreunde-utting.de\/index.php\/impressum\/","title":{"rendered":"Impressum"},"content":{"rendered":"<section  class='av_textblock_section av-lbouoe0z-02eec8469abb97291bb1716e5d203fd6 '   itemscope=\"itemscope\" itemtype=\"https:\/\/schema.org\/CreativeWork\" ><div class='avia_textblock'  itemprop=\"text\" ><h1>Impressum der Maibaumfreunde\u00a0<strong>Utting am Ammersee\u00a0<\/strong>e.V.<\/h1>\n<p><strong>Veranstalter dieser Internetpr\u00e4senz: <\/strong><\/p>\n<p>Maibaumfreunde Utting am Ammersee e.V.<br \/>\nDr. Martin Schubert (1. Vorsitzender)<br \/>\nHolzhauser Str. 55, 86919 Utting<br \/>\nTel: 08806 92 40 24<br \/>\nEmail: martin (at) maibaumfreunde-utting.de<\/p>\n<p><strong>Verantwortlich f\u00fcr den Inhalt dieser Internetpr\u00e4senz: <\/strong><br \/>\nDr. Martin Schubert (1. Vorsitzender)<\/p>\n<p><strong>Technische Realisierung:<\/strong><br \/>\nMichael Vierheilig (Kassenwart)<br \/>\nEmail: michael (at) maibaumfreunde-utting.de<\/p>\n<p><strong>Website Pflege und Support:<\/strong><br \/>\nHannes Pietzsch (Beisitzer)<br \/>\n<a href=\"https:\/\/www.barentoo-online-medien.de\" target=\"_blank\" rel=\"noopener\">barentoo online medien<\/a><br \/>\nE-Mail: info (at) barentoo-online-medien.de<\/p>\n<p>Vereinsregistriernummer VR200985 beim Amtsgericht Augsburg<\/p>\n<p><strong>Hinweise: <\/strong><\/p>\n<p>Mit Urteil vom 12. Mai 1998 hat das Landgericht Hamburg entschieden, dass man durch die Ausbringung eines Links die Inhalte der gelinkten Seite ggf. mit zu verantworten hat. Dies kann &#8211; so das LG &#8211; nur dadurch verhindert werden, dass man sich ausdr\u00fccklich von diesen Inhalten distanziert. Die Maibaumfreunde Utting am Ammersee e.V. haben auf ihrer Website Links zu anderen Seiten im Internet gelegt. F\u00fcr alle diese Links gilt: Es wird ausdr\u00fccklich betont, dass die Maibaumfreunde Utting am Ammersee e.V.\u00a0 keinerlei Einfluss auf die Gestaltung und die Inhalte der verlinkten Seiten haben. Deshalb distanzieren sich die Maibaumfreunde Utting am Ammersee e.V.\u00a0 hiermit ausdr\u00fccklich von allen Inhalten aller gelinkten Seiten auf dieser Homepage und machen sich ihre Inhalte nicht zueigen. Diese Erkl\u00e4rung gilt f\u00fcr alle auf dieser Homepage ausgebrachten Links. Alle genannten Warenzeichen und Marken sind Besitz ihrer jeweilig registrierten Eigent\u00fcmer. Bilder sind Eigentum der jeweiligen Urheber. Etwaige unzureichend deklarierte Quellen, Bilder oder sonstige urheberrechtlich gesch\u00fctzten Elemente auf dieser Website sind unbeabsichtigt und bitten wir zu entschuldigen. Verst\u00f6\u00dfe bitten wir uns direkt mitzuteilen so dass wir diese umgehend beheben k\u00f6nnen.\u00a0 Etwaigen Schadensersatzforderungen widersprechen wir explizit. Bei Fragen wenden Sie sich an unseren Schriftf\u00fchrer.<\/p>\n<p><strong>Bilder:<br \/>\n<\/strong>Privat bzw. kostenlos zur Verf\u00fcgung gestellt von Bernd R\u00e4der, Utting; Bild\/Kunst Urheber Nr.: 160 71 53<\/p>\n<p>SpringBeatsDance Party Bild Lizenz:\u00a0 <a href=\"https:\/\/commons.wikimedia.org\/wiki\/User:Rafael_gomez001\">Rafael gomez001<\/a>, <a href=\"https:\/\/commons.wikimedia.org\/wiki\/File:Easy-bass-boy-dj-Favim.com-739842.jpg\">Easy-bass-boy-dj-Favim.com-739842<\/a>, <a href=\"https:\/\/creativecommons.org\/licenses\/by-sa\/4.0\/legalcode\">CC BY-SA 4.0<\/a><\/p>\n<p><strong>Datenschutz:<\/strong><\/p>\n<p>Die Betreiber dieser Seiten nehmen den Schutz Ihrer personenbezogenen Daten ernst. Ihre personenbezogenen Daten werden\u00a0 vertraulich und entsprechend\u00a0 der\u00a0 gesetzlichen Datenschutzvorschriften sowie dieser Datenschutzerkl\u00e4rung behandelt.\u00a0Zu den personenbezogenen Daten geh\u00f6ren zum Beispiel Name, IP-Adresse, Postanschrift oder E-Mail-Adresse.\u00a0Die Erhebung der Daten erfolgt durch und f\u00fcr die Maibaumfreunde-Utting e.V., vertreten durch die auf der Kontaktseite genannten Personen.\u00a0Wir weisen\u00a0 aber\u00a0 vorsichtshalber\u00a0 darauf\u00a0 hin,\u00a0 dass\u00a0 die Daten\u00fcbertragung\u00a0 im\u00a0 Internet Sicherheitsl\u00fccken aufweisen kann. Ein l\u00fcckenloser Schutz der Daten vor dem Zugriff durch<\/p>\n<p>Dritte ist praktisch nicht m\u00f6glich. Im Folgenden m\u00f6chten wir Sie auch im Sinne der Art. 13, 14 der Datenschutzgrundverordnung (DSGVO) dar\u00fcber informieren, in welcher Weise auf dieser Seite personenbezogene Daten\u00a0 von Ihnen erfragt und diese elektronisch gespeichert werden.<\/p>\n<p>Erhebung und Verarbeitung von Server-Logfile-Daten<\/p>\n<p>Der Websitebetreiber bzw. Seitenprovider erhebt Daten \u00fcber Zugriffe auf die Seite und speichert diese als \u201eServer-Logfiles\u201c ab. Folgende Daten, die einzeln oder in Kombination auch Personenbezug aufweisen k\u00f6nnen, k\u00f6nnen so protokolliert werden: besuchte Website, Uhrzeit zum Zeitpunkt des Zugriffes, Menge der gesendeten Daten in Byte, Quelle\/Verweis, von\u00a0 welchem\u00a0 Sie\u00a0 auf\u00a0 die\u00a0 Seite\u00a0 gelangten;\u00a0 verwendeter\u00a0 Browser;\u00a0 verwendetes Betriebssystem; verwendete IP &#8211; Adresse.<\/p>\n<p>Die erhobenen Daten dienen lediglich statistischen Auswertungen und zur Verbesserung der Website. Der Websitebetreiber beh\u00e4lt sich allerdings vor, die Server-Logfiles nachtr\u00e4glich zu \u00fcberpr\u00fcfen, sollten konkrete Anhaltspunkte auf eine rechtswidrige Nutzung hinweisen.<\/p>\n<p>Falls in den Webseiten Inhalte Dritter, bspw. von YouTube, Google Maps, etc. eingebundenwerden, wird ggfs. Ihre IP-Adresse an den Drittanbieter \u00fcbertragen.<\/p>\n<p>Server-Logfile-Daten werden grunds\u00e4tzlich f\u00fcr einen begrenzten Zeitraum nach Vorgabe des WebHosters gespeichert.<\/p>\n<p>Erhebung und Verarbeitung weiterer personenbezogener Daten<\/p>\n<p>Weitere personenbezogene Daten werden von uns nur erhoben, wenn Sie uns diese freiwillig mitteilen, aufgrund gesetzlicher Verpflichtung oder soweit dies in dieser Datenschutzerkl\u00e4rung gesondert aufgef\u00fchrt wird.<\/p>\n<p>Rechtsgrundlage f\u00fcr die Datenverarbeitung ist Art. 6 Abs. 1 DSGVO, insbesondere lit. a), c) und f).<\/p>\n<p>Der Betreiber darf au\u00dferdem nach \u00a7 15 Abs. 3 Telemediengesetz f\u00fcr Zwecke der Werbung,\u00a0 der\u00a0 Marktforschung\u00a0 oder\u00a0 zur\u00a0 bedarfsgerechten\u00a0 Gestaltung\u00a0 der\u00a0 Seite Nutzungsprofile bei Verwendung von Pseudonymen erstellen, sofern der Nutzer dem nicht widerspricht.\u00a0 Diese\u00a0 Nutzungsprofile\u00a0 d\u00fcrfen\u00a0 nicht\u00a0 mit\u00a0 Daten\u00a0 \u00fcber\u00a0 den\u00a0 Tr\u00e4ger\u00a0 des Pseudonyms zusammengef\u00fchrt werden.<\/p>\n<p>Angaben, die Sie bei Eintragung in unser Kontaktformular machen, werden zur weiteren Bearbeitung und f\u00fcr den Fall von Anschlussfragen gespeichert. Ihre Angaben werden f\u00fcr bis zu f\u00fcnf Jahre gespeichert)<\/p>\n<p>Der Websitebetreiber bietet Ihnen einen Newsletter an, in welchem er Sie \u00fcber aktuelle Geschehnisse und Angebote informiert. M\u00f6chten Sie den Newsletter abonnieren, m\u00fcssen Sie eine g\u00fcltige E-Mail-Adresse angeben.<\/p>\n<p>Um Sie pers\u00f6nlich ansprechen zu k\u00f6nnen, wird auch um Ihren Namen und Ihre Anschrift gebeten. Diese Angaben sind freiwillig. Ihre Einwilligung zur Speicherung Ihrer Daten sowie zum Bezug des Newsletters k\u00f6nnen Sie jederzeit widerrufen. Der Widerruf kann \u00fcber einen Link in den Newslettern selbst oder per Email an den Schriftf\u00fchrer erfolgen.<\/p>\n<p>Cookies<br \/>\nAuf unseren Webseiten verwenden wir an mehreren Stellen sog. \u201eCookies\u201c. Cookies sind kleine Textdateien, die auf Ihrem Rechner abgelegt werden und die Ihr Browser auf Ihrem Computer speichert. Sie dienen dazu, unser Angebot nutzerfreundlicher, effektiver und sicherer zu machen.<\/p>\n<p>Die von uns verwendeten Cookies sind so genannte \u201eDomain-Cookies\u201c.<\/p>\n<p>Diese Cookies werden, wenn sie bei der Registrierung die Einstellung gew\u00e4hlt haben \u201eAngemeldet bleiben\u201c auf Ihrem Rechner gespeichert. Dieses Vorgehen erleichtert Ihnen die Nutzung unserer Webanwendung, da Sie sich nicht bei jedem erneuten Besuch neu anmelden m\u00fcssen. Diese Cookies richten auf Ihrem Rechner keinen Schaden an und enthalten keine Viren.)<\/p>\n<p>Wenn Sie keine Cookies annehmen wollen, k\u00f6nnen Sie dies durch eine entsprechende Einstellung Ihres Internet-Browsers verhindern. Dadurch kann die Nutzung der Webseiten allerdings eingeschr\u00e4nkt sein.<\/p>\n<p>Insbesondere k\u00f6nnen folgende Cookies eingesetzt werden:<\/p>\n<p>Google Analytics<\/p>\n<p>Diese Website benutzt Google Analytics, einen Webanalysedienst der Google Inc. (\u201eGoogle\u201c). Die Benutzung erfolgt auf der Grundlage des Art. 6 Abs. 1 S. 1 lit. f. DSGVO. Google Analytics verwendet sog. \u201eCookies\u201c, Textdateien, die auf Ihrem Computer gespeichert werden und die eine Analyse der Benutzung der Webseite durch Sie erm\u00f6glichen. Die durch den Cookie erzeugten Informationen \u00fcber Ihre Benutzung der Webseite wie Browser-Typ\/Version, verwendetes Betriebssystem, Referrer-URL (die zuvor besuchte Seite), Hostname des zugreifenden Rechners (IP-Adresse), Uhrzeit der Serveranfrage, werden in der Regel\u00a0 an einen Server\u00a0 von\u00a0 Google in den USA \u00fcbertragen und dort gespeichert. Die im Rahmen von Google Analytics von Ihrem Browser \u00fcbermittelte IP-Adresse wird nicht mit anderen Daten von Google zusammengef\u00fchrt.<\/p>\n<p>Im Auftrag des Betreibers dieser Website wird Google diese Information benutzen, um Ihre Nutzung\u00a0 der\u00a0 Webseite\u00a0 auszuwerten,\u00a0 um\u00a0 Reports\u00a0 \u00fcber\u00a0 die\u00a0 Webseiten-Aktivit\u00e4ten zusammenzustellen und um weitere mit der Webseiten-Nutzung und der Internetnutzung verbundene Dienstleistungen gegen\u00fcber dem Webseitenbetreiber zu erbringen. Sie k\u00f6nnen die Speicherung der Cookies durch eine entsprechende Einstellung Ihrer Browser-Software verhindern; wir weisen Sie jedoch darauf hin, dass Sie in diesem Fall m\u00f6glicherweise nicht s\u00e4mtliche Funktionen dieser Webseite vollumf\u00e4nglich werden nutzen k\u00f6nnen. Sie k\u00f6nnen dar\u00fcber hinaus die Erfassung der durch das Cookie erzeugten und auf Ihre Nutzung der Webseite bezogenen Daten (inkl. Ihrer IP-Adresse) an Google sowie die Verarbeitung dieser Daten durch Google verhindern, indem sie das unter dem folgenden Link verf\u00fcgbare Browser-plugin herunterladen und installieren: http:\/\/tools.google.com\/dlpage\/gaoptout?hl=de.<\/p>\n<p>Alternativ zum Browser-Add-On, insbesondere bei Browsern auf mobilen Endger\u00e4ten, k\u00f6nnen Sie die Erfassung durch Google Analytics zudem verhindern, indem Sie auf diesen Linkklicken. Es wird ein Opt-Out-Cookie gesetzt, das die zuk\u00fcnftige Erfassung Ihrer Daten beim Besuch dieser Website verhindert. Der Opt-Out-Cookie gilt nur in diesem Browser und nur f\u00fcr unsere Website und wird auf Ihrem Ger\u00e4t abgelegt. L\u00f6schen Sie die Cookies in diesem Browser, m\u00fcssen Sie das Opt-Out-Cookie erneut setzen. [Anm. Hinweise zur Einbindung des Opt-Out-Cookie finden Sie unter:<\/p>\n<p><a href=\"https:\/\/developers.google.com\/analytics\/devguides\/collection\/gajs\/?hl=de#disable\">https:\/\/developers.google.com\/analytics\/devguides\/collection\/gajs\/?hl=de#disable<\/a> ].<\/p>\n<p>Wir nutzen Google Analytics weiterhin dazu, Daten aus Double-Click-Cookies und auch AdWords zu statistischen Zwecken auszuwerten. Sollten Sie dies nicht w\u00fcnschen, k\u00f6nnen Sie dies \u00fcber den Anzeigenvorgaben-Manager (http:\/\/www.google.com\/settings\/ads\/onweb\/?hl=de) deaktivieren.<\/p>\n<p>Weitere Informationen zum Datenschutz im Zusammenhang mit Google Analytics finden Sie etwa in der Google Analytics-Hilfe (https:\/\/support.google.com\/analytics\/answer\/6004245?hl=de).<\/p>\n<p>Weitergabe personenbezogener Daten an Dritte<\/p>\n<p>Ihre personenbezogenen Daten werden an Dritte nur weitergegeben oder sonst \u00fcbermittelt, wenn dies zum Zwecke der Bearbeitung Ihrer Eingaben erforderlich ist (z.B. bei Webdienstleistern), sofern dazu eine rechtliche Verpflichtung besteht (z.B. bei Beh\u00f6rden), oder Sie zuvor ausdr\u00fccklich eingewilligt haben. Der Umfang der \u00fcbermittelten Daten beschr\u00e4nkt sich grunds\u00e4tzlich auf das erforderliche Minimum.<\/p>\n<p>Widerruf von Einwilligungen, Widerspruch<\/p>\n<p>Wir weisen Sie darauf hin, dass Sie Ihre Einwilligungen jederzeit ohne Angaben von Gr\u00fcnden mit Wirkung f\u00fcr die Zukunft widerrufen k\u00f6nnen.<\/p>\n<p>Auskunftsrecht und L\u00f6schung<\/p>\n<p>Sie haben das Recht, von dem Verantwortlichen eine Best\u00e4tigung dar\u00fcber zu verlangen, ob Sie betreffende personenbezogene Daten verarbeitet werden. Ist dies der Fall, so haben Sie ein Recht auf Auskunft \u00fcber diese personenbezogenen Daten und auf die in Art. 15 DSGVO im Einzelnen aufgef\u00fchrten Informationen. Sie\u00a0 haben\u00a0 das\u00a0 Recht,\u00a0 von\u00a0 dem\u00a0 Verantwortlichen\u00a0 unverz\u00fcglich\u00a0 die\u00a0 Berichtigung\u00a0 Sie betreffender\u00a0 unrichtiger\u00a0 personenbezogener\u00a0 Daten\u00a0 und\u00a0 ggf.\u00a0 die\u00a0 Vervollst\u00e4ndigung unvollst\u00e4ndiger personenbezogener Daten zu verlangen (Art. 16 DSGVO).<\/p>\n<p>Sie\u00a0 haben\u00a0 das\u00a0 Recht,\u00a0 von\u00a0 dem\u00a0 Verantwortlichen\u00a0 zu\u00a0 verlangen,\u00a0 dass\u00a0 sie\u00a0 betreffende personenbezogene Daten unverz\u00fcglich gel\u00f6scht werden, sofern einer der in Art. 17 DSGVO im einzelnen aufgef\u00fchrten Gr\u00fcnde zutrifft, z. B. wenn die Daten f\u00fcr die verfolgten Zwecke nicht mehr ben\u00f6tigt werden (Recht auf L\u00f6schung). Der Verantwortliche verarbeitet die personenbezogenen Daten dann nicht mehr, es sei denn, er kann zwingende schutzw\u00fcrdige Gr\u00fcnde f\u00fcr die Verarbeitung nachweisen, die die Interessen, Rechte und Freiheiten der betroffenen\u00a0 Person\u00a0 \u00fcberwiegen,\u00a0 oder\u00a0 die\u00a0 Verarbeitung\u00a0 dient\u00a0 der\u00a0 Geltendmachung, Aus\u00fcbung oder Verteidigung von Rechtsanspr\u00fcchen (Art. 21 DSGVO). Sie haben das Recht, von dem Verantwortlichen die Einschr\u00e4nkung der Verarbeitung zu verlangen, wenn eine der in Art. 18 DSGVO aufgef\u00fchrten Voraussetzungen gegeben ist, z. B. wenn Sie Widerspruch gegen die Verarbeitung eingelegt hat, f\u00fcr die Dauer der Pr\u00fcfung durch den Verantwortlichen.<\/p>\n<p>\u00c4nderungen dieser Datenschutzbestimmungen bleiben\u00a0 vorbehalten,\u00a0 etwa\u00a0 bei\u00a0 \u00c4nderungen\u00a0 der\u00a0 Gesetzeslage\u00a0 oder\u00a0 technischen Ver\u00e4nderungen der Website.<\/p>\n<p>Kontakt<\/p>\n<p>In Belangen des Datenschutzes wenden Sie sich bitte an den Webmaster der Maibaumfreunde-Utting e.V. oder den auf der Kontaktseite genannten Schriftf\u00fchrer.<\/p>\n<p>Sie haben &#8211; unbeschadet eines anderweitigen verwaltungsrechtlichen oder gerichtlichen Rechtsbehelfs &#8211; das Recht auf Beschwerde bei einer Aufsichtsbeh\u00f6rde, wenn Sie der Ansicht sind, dass die Verarbeitung der sie betreffenden personenbezogenen Daten gegen die DSGVO verst\u00f6\u00dft (Art. 77 DSGVO). Sie k\u00f6nnen dieses Recht bei einer Aufsichtsbeh\u00f6rde in dem Mitgliedstaat Ihres Aufenthaltsorts, ihres Arbeitsplatzes oder des Orts des mutma\u00dflichen Versto\u00dfes geltend machen. In Bayern ist die zust\u00e4ndige Aufsichtsbeh\u00f6rde: Landesamt f\u00fcr Datenschutzaufsicht, Promenade 27 (Schloss), 91522 Ansbach, Telefon: +49 (0) 981 53 1300, Telefax: +49 (0) 981 53 98 1300, E-Mail: poststelle@lda.bayern.de.<\/p>\n<p>Weitere m\u00f6gliche Inhalte:<\/p>\n<p>Verschl\u00fcsselung<\/p>\n<p>Diese Seite nutzt aus Gr\u00fcnden der Sicherheit und zum Schutz der \u00dcbertragung vertraulicher Inhalte, wie zum Beispiel der Anfragen, die Sie an uns als Seitenbetreiber senden, eine SSL-Verschl\u00fcsselung. Eine verschl\u00fcsselte Verbindung erkennen Sie daran, dass die Adresszeile des Browsers von &#8222;http:\/\/&#8220; auf &#8222;https:\/\/&#8220; wechselt und an dem Schloss-Symbol in Ihrer Browserzeile.Wenn die SSL-Verschl\u00fcsselung aktiviert ist, k\u00f6nnen die Daten, die Sie an uns \u00fcbermitteln, nicht von Dritten mitgelesen werden.<\/p>\n<p>Widerspruch Werbe-Mails<\/p>\n<p>Wir\u00a0 widersprechen\u00a0 ausdr\u00fccklich,\u00a0 dass\u00a0 unsere\u00a0 im\u00a0 Rahmen\u00a0 der\u00a0 Impressumspflicht ver\u00f6ffentlichten Kontaktdaten dazu benutzt werden, um uns unaufgefordert Werbung und Informationsmaterialien zuzusenden, z.B.\u00a0 durch Spam-E-Mails. Wir behalten uns in diesem Fall rechtliche Schritte vor.<\/p>\n<p>Datenschutzerkl\u00e4rung f\u00fcr die Nutzung von Social-Plugins<\/p>\n<p>a) Verwendung von Facebook Social-Media-Plugins<\/p>\n<p>Auf unseren Webseiten verwenden wir einen Plugin zum sozialen Netzwerk Facebook.<\/p>\n<p>Facebook ist ein Unternehmen der Facebook Inc., 1601 S. California Ave, Palo Alto, CA 94304, USA.\u00a0 Detaillierte\u00a0 Hinweise\u00a0 zu\u00a0 den\u00a0 Funktionen\u00a0 der\u00a0 einzelnen\u00a0 Plugins\u00a0 und\u00a0 deren Erscheinungsbild finden Sie auf der folgenden Webseite: http:\/\/developers.facebook.com\/docs\/plugins\/.<\/p>\n<p>Der Plugin zu Facebook verbirgt sich hinter dem zun\u00e4chst ausgegrauten Button mit dem &#8222;f &#8211; Empfehlen&#8220;-Zeichen. Durch Klick auf diesen Button k\u00f6nnen Sie eine Verbindung zu Facebook aufbauen. Wir m\u00f6chten Sie darauf hinweisen, dass mit dem Klick auf diesen Button, Facebook ggfs. Informationen und pers\u00f6nliche Daten (Ihre IP-Adresse) in Erfahrung bringt und speichert. N\u00e4heres entnehmen Sie bitte den Datenschutzhinweisen von Facebook (s.u.). Anders als bei Verwendung der klassischen Facebook-Plugins wird nicht bereits bei Aufruf unserer Webseite eine Verbindung zu Facebook aufgebaut, sondern erst wenn Sie mit einem Klick auf den Button das Plugin aktivieren. Der Button wird farbig. Dann baut Ihr Browser eine direkte Verbindung mit den Servern von Facebook auf. Der Inhalt des Plugins wird von Facebook direkt an Ihren Browser \u00fcbermittelt und von diesem in die Webseite eingebunden. Der Anbieter hat daher keinen Einfluss auf den Umfang der Daten, die Facebook mit Hilfe dieses Plugins erhebt und informiert die Nutzer daher entsprechend seinem Kenntnisstand:<\/p>\n<p>Durch die Einbindung der Plugins erh\u00e4lt Facebook die Information, dass ein Nutzer die entsprechende Seite des Angebots aufgerufen hat. Ist der Nutzer bei Facebook eingeloggt, kann Facebook den Besuch seinem Facebook-Konto zuordnen. Wenn Nutzer mit den Plugins interagieren, zum Beispiel den Like Button bet\u00e4tigen oder einen Kommentar abgeben, wird die entsprechende Information von Ihrem Browser direkt an Facebook \u00fcbermittelt und dort gespeichert.\u00a0 Falls\u00a0 ein\u00a0 Nutzer\u00a0 kein\u00a0 Mitglied\u00a0 von Facebook\u00a0 ist,\u00a0 besteht\u00a0 trotzdem\u00a0 die M\u00f6glichkeit,\u00a0 dass\u00a0 Facebook\u00a0 seine\u00a0 IP-Adresse\u00a0 in\u00a0 Erfahrung\u00a0 bringt\u00a0 und\u00a0 speichert.\u00a0 Laut Facebook wird in Deutschland nur eine anonymisierte IP-Adresse gespeichert. Zweck und Umfang der Datenerhebung und die weitere Verarbeitung und Nutzung der Daten durch Facebook sowie die diesbez\u00fcglichen Rechte und Einstellungsm\u00f6glichkeiten zum Schutz der Privatsph\u00e4re der Nutzer, k\u00f6nnen diese den Datenschutzhinweisen von Facebook entnehmen: https:\/\/www.facebook.com\/about\/privacy\/.<\/p>\n<p>Wenn ein Nutzer Facebookmitglied ist und nicht m\u00f6chte, dass Facebook \u00fcber dieses Angebot\u00a0 Daten\u00a0 \u00fcber\u00a0 ihn\u00a0 sammelt\u00a0 und\u00a0 mit\u00a0 seinen\u00a0 bei\u00a0 Facebook\u00a0 gespeicherten Mitgliedsdaten verkn\u00fcpft, muss er sich vor dem Besuch des Internetauftritts bei Facebook ausloggen. Ebenfalls ist es m\u00f6glich Facebook-Social-Plugins mit Add-ons f\u00fcr Ihren Browser zu blocken, zum Beispiel mit dem &#8222;Facebook Blocker&#8220;.<\/p>\n<p>Verantwortlicher: Maibaumfreunde-Utting e.V.<\/p>\n<\/div><\/section>\n","protected":false},"excerpt":{"rendered":"","protected":false},"author":3,"featured_media":0,"parent":0,"menu_order":0,"comment_status":"closed","ping_status":"closed","template":"","meta":{"footnotes":""},"class_list":["post-59","page","type-page","status-publish","hentry"],"_links":{"self":[{"href":"https:\/\/www.maibaumfreunde-utting.de\/index.php\/wp-json\/wp\/v2\/pages\/59","targetHints":{"allow":["GET"]}}],"collection":[{"href":"https:\/\/www.maibaumfreunde-utting.de\/index.php\/wp-json\/wp\/v2\/pages"}],"about":[{"href":"https:\/\/www.maibaumfreunde-utting.de\/index.php\/wp-json\/wp\/v2\/types\/page"}],"author":[{"embeddable":true,"href":"https:\/\/www.maibaumfreunde-utting.de\/index.php\/wp-json\/wp\/v2\/users\/3"}],"replies":[{"embeddable":true,"href":"https:\/\/www.maibaumfreunde-utting.de\/index.php\/wp-json\/wp\/v2\/comments?post=59"}],"version-history":[{"count":23,"href":"https:\/\/www.maibaumfreunde-utting.de\/index.php\/wp-json\/wp\/v2\/pages\/59\/revisions"}],"predecessor-version":[{"id":2135,"href":"https:\/\/www.maibaumfreunde-utting.de\/index.php\/wp-json\/wp\/v2\/pages\/59\/revisions\/2135"}],"wp:attachment":[{"href":"https:\/\/www.maibaumfreunde-utting.de\/index.php\/wp-json\/wp\/v2\/media?parent=59"}],"curies":[{"name":"wp","href":"https:\/\/api.w.org\/{rel}","templated":true}]}}